{"id":1039,"date":"2023-10-05T17:13:25","date_gmt":"2023-10-05T15:13:25","guid":{"rendered":"https:\/\/www.aga-styrieix.fr\/msb\/?page_id=1039"},"modified":"2023-12-05T02:04:40","modified_gmt":"2023-12-05T01:04:40","slug":"missions","status":"publish","type":"page","link":"https:\/\/www.aga-styrieix.fr\/index.php\/missions\/","title":{"rendered":"Missions"},"content":{"rendered":"<section class=\"wpb-content-wrapper\"><p>[vc_row][vc_column]<div id=\"sc_title_1773999740\"\n\t\tclass=\"sc_title color_style_default sc_title_default\"><h3 class=\"sc_item_title sc_title_title sc_align_center sc_item_title_style_default\">Nos Missions<\/h3><\/div><!-- \/.sc_title -->[\/vc_column][\/vc_row][vc_row][vc_column][vc_empty_space alter_height=&#8221;large&#8221; hide_on_mobile=&#8221;&#8221;][\/vc_column][\/vc_row][vc_row][vc_column width=&#8221;1\/4&#8243;][\/vc_column][vc_column width=&#8221;1\/2&#8243;][vc_column_text]<\/p>\r\n<p style=\"text-align: left;\">L\u2019Action G\u00e9rontologique Ar\u00e9dienne est une association loi 1901 \u00e0 but non lucratif qui a \u00e9t\u00e9 cr\u00e9\u00e9e en 1982.<br \/>\r\nElle a pour mission de faciliter le maintien \u00e0 domicile des personnes \u00e2g\u00e9es de plus de 60 ans sur les communes de Saint-Yrieix-la-Perche, Glandon, Le Chalard, Ladignac-le-Long, Coussac-Bonneval, La Meyze et La Roche l\u2019Abeille.<\/p>\r\n<p>[\/vc_column_text][\/vc_column][vc_column width=&#8221;1\/4&#8243;][\/vc_column][\/vc_row][vc_row][vc_column][vc_empty_space alter_height=&#8221;large&#8221; hide_on_mobile=&#8221;&#8221;][\/vc_column][\/vc_row][vc_row][vc_column]<div id=\"sc_services_1246465902\" class=\"sc_services color_style_default sc_services_default sc_services_featured_top  vc_custom_1697028346207\"><div class=\"sc_services_columns sc_item_columns sc_item_columns_2 trx_addons_columns_wrap columns_padding_bottom\"><div class=\"trx_addons_column-1_2\"><div class=\"sc_services_item with_content with_icon sc_services_item_featured_top\">\n\t<a href=\"https:\/\/www.aga-styrieix.fr\/index.php\/services\/repas\/\"\n\t\t\t id=\"sc_services_1246465902_icon-8\"\n\t\t\t class=\"sc_services_item_icon icon-8\"\n\t\t\t ><\/a>\t\n\t<div class=\"sc_services_item_info\">\n\t\t<div class=\"sc_services_item_header\">\n\t\t\t<h4 class=\"sc_services_item_title\"><a href=\"https:\/\/www.aga-styrieix.fr\/index.php\/services\/repas\/\">Service de repas \u00e0 domicile<\/a><\/h4>\n\t\t\t<div class=\"sc_services_item_subtitle\"><a href=\"https:\/\/www.aga-styrieix.fr\/index.php\/services_group\/main-services\/\" title=\"View all posts in Main Services\">Main Services<\/a><\/div>\n\t\t<\/div>\n\t\t\t\t\t<div class=\"sc_services_item_content\"><p>Le service de portage de repas livre \u00e0 domicile des repas \u00e9quilibr\u00e9s et adapt\u00e9s aux r\u00e9gimes de chacun<\/p>\n<\/div>\n\t\t\t<div class=\"sc_services_item_button sc_item_button\"><a href=\"https:\/\/www.aga-styrieix.fr\/index.php\/services\/repas\/\" class=\"sc_button sc_button_simple\">Learn more<\/a><\/div>\n\t\t\t<\/div>\n<\/div>\n<\/div><div class=\"trx_addons_column-1_2\"><div class=\"sc_services_item with_content with_icon sc_services_item_featured_top\">\n\t<a href=\"https:\/\/www.aga-styrieix.fr\/index.php\/services\/esa\/\"\n\t\t\t id=\"sc_services_1246465902_icon-users\"\n\t\t\t class=\"sc_services_item_icon icon-users\"\n\t\t\t ><\/a>\t\n\t<div class=\"sc_services_item_info\">\n\t\t<div class=\"sc_services_item_header\">\n\t\t\t<h4 class=\"sc_services_item_title\"><a href=\"https:\/\/www.aga-styrieix.fr\/index.php\/services\/esa\/\">Equipe sp\u00e9cialis\u00e9e Alzheimer<\/a><\/h4>\n\t\t\t<div class=\"sc_services_item_subtitle\"><a href=\"https:\/\/www.aga-styrieix.fr\/index.php\/services_group\/main-services\/\" title=\"View all posts in Main Services\">Main Services<\/a><\/div>\n\t\t<\/div>\n\t\t\t\t\t<div class=\"sc_services_item_content\"><p>L&#8217;\u00e9quipe sp\u00e9cialis\u00e9e Alzheimer<\/p>\n<\/div>\n\t\t\t<div class=\"sc_services_item_button sc_item_button\"><a href=\"https:\/\/www.aga-styrieix.fr\/index.php\/services\/esa\/\" class=\"sc_button sc_button_simple\">Learn more<\/a><\/div>\n\t\t\t<\/div>\n<\/div>\n<\/div><div class=\"trx_addons_column-1_2\"><div class=\"sc_services_item with_content with_icon sc_services_item_featured_top\">\n\t<a href=\"https:\/\/www.aga-styrieix.fr\/index.php\/services\/mandataire\/\"\n\t\t\t id=\"sc_services_1246465902_icon-female\"\n\t\t\t class=\"sc_services_item_icon icon-female\"\n\t\t\t ><\/a>\t\n\t<div class=\"sc_services_item_info\">\n\t\t<div class=\"sc_services_item_header\">\n\t\t\t<h4 class=\"sc_services_item_title\"><a href=\"https:\/\/www.aga-styrieix.fr\/index.php\/services\/mandataire\/\">Service mandataire<\/a><\/h4>\n\t\t\t<div class=\"sc_services_item_subtitle\"><a href=\"https:\/\/www.aga-styrieix.fr\/index.php\/services_group\/main-services\/\" title=\"View all posts in Main Services\">Main Services<\/a><\/div>\n\t\t<\/div>\n\t\t\t\t\t<div class=\"sc_services_item_content\"><p>Le service mandataire d&#8217;employ\u00e9s de maison<\/p>\n<\/div>\n\t\t\t<div class=\"sc_services_item_button sc_item_button\"><a href=\"https:\/\/www.aga-styrieix.fr\/index.php\/services\/mandataire\/\" class=\"sc_button sc_button_simple\">Learn more<\/a><\/div>\n\t\t\t<\/div>\n<\/div>\n<\/div><div class=\"trx_addons_column-1_2\"><div class=\"sc_services_item with_content with_icon sc_services_item_featured_top\">\n\t<a href=\"https:\/\/www.aga-styrieix.fr\/index.php\/services\/autonomie\/\"\n\t\t\t id=\"sc_services_1246465902_icon-user-add\"\n\t\t\t class=\"sc_services_item_icon icon-user-add\"\n\t\t\t ><\/a>\t\n\t<div class=\"sc_services_item_info\">\n\t\t<div class=\"sc_services_item_header\">\n\t\t\t<h4 class=\"sc_services_item_title\"><a href=\"https:\/\/www.aga-styrieix.fr\/index.php\/services\/autonomie\/\">Service autonomie mixte<\/a><\/h4>\n\t\t\t<div class=\"sc_services_item_subtitle\"><a href=\"https:\/\/www.aga-styrieix.fr\/index.php\/services_group\/main-services\/\" title=\"View all posts in Main Services\">Main Services<\/a><\/div>\n\t\t<\/div>\n\t\t\t\t\t<div class=\"sc_services_item_content\"><p>Aide et soins \u00e0 domicile<\/p>\n<\/div>\n\t\t\t<div class=\"sc_services_item_button sc_item_button\"><a href=\"https:\/\/www.aga-styrieix.fr\/index.php\/services\/autonomie\/\" class=\"sc_button sc_button_simple\">Learn more<\/a><\/div>\n\t\t\t<\/div>\n<\/div>\n<\/div><\/div><\/div><!-- \/.sc_services -->[\/vc_column][\/vc_row][vc_row][vc_column][vc_empty_space alter_height=&#8221;large&#8221; hide_on_mobile=&#8221;&#8221;][\/vc_column][\/vc_row][vc_row full_width=&#8221;stretch_row&#8221; equal_height=&#8221;yes&#8221; content_placement=&#8221;middle&#8221; scheme=&#8221;dark&#8221; css=&#8221;.vc_custom_1696598825067{background-color: #37b4aa !important;}&#8221;][vc_column width=&#8221;1\/2&#8243;][vc_empty_space alter_height=&#8221;medium&#8221; hide_on_mobile=&#8221;&#8221;][vc_column_text css=&#8221;.vc_custom_1696600713780{padding-left: 30% !important;}&#8221;]<\/p>\r\n<h3><span style=\"color: #ffffff;\">Contactez-nous !<\/span><\/h3>\r\n<p>[\/vc_column_text][vc_empty_space alter_height=&#8221;medium&#8221; hide_on_mobile=&#8221;&#8221;][\/vc_column][vc_column width=&#8221;1\/2&#8243;][vc_empty_space alter_height=&#8221;medium&#8221; hide_on_mobile=&#8221;&#8221;]<div class=\"sc_item_button sc_button_wrap sc_align_center\"><a href=\"\/index.php\/contact\/\" id=\"sc_button_1284970970\" class=\"sc_button color_style_default sc_button_bordered sc_button_size_normal sc_button_icon_left\"><span class=\"sc_button_text\"><span class=\"sc_button_title\">CONTACT<\/span><\/span><!-- \/.sc_button_text --><\/a><!-- \/.sc_button --><\/div><!-- \/.sc_item_button -->[vc_empty_space alter_height=&#8221;medium&#8221; hide_on_mobile=&#8221;&#8221;][\/vc_column][\/vc_row][vc_row][vc_column][vc_column_text]<\/p>\r\n<p>&nbsp;<\/p>\r\n<p>&nbsp;<\/p>\r\n<p>[\/vc_column_text][\/vc_column][\/vc_row][vc_row][vc_column][vc_empty_space alter_height=&#8221;large&#8221; hide_on_mobile=&#8221;&#8221;][\/vc_column][\/vc_row]<\/p>\r\n<\/section>","protected":false},"excerpt":{"rendered":"<p>[vc_row][vc_column][\/vc_column][\/vc_row][vc_row][vc_column][vc_empty_space alter_height=&#8221;large&#8221; hide_on_mobile=&#8221;&#8221;][\/vc_column][\/vc_row][vc_row][vc_column width=&#8221;1\/4&#8243;][\/vc_column][vc_column width=&#8221;1\/2&#8243;][vc_column_text] L\u2019Action G\u00e9rontologique Ar\u00e9dienne est une association loi 1901 \u00e0 but non lucratif qui a \u00e9t\u00e9 cr\u00e9\u00e9e en 1982. Elle a pour mission de faciliter le maintien \u00e0 domicile des personnes \u00e2g\u00e9es de plus de 60 ans sur les communes de Saint-Yrieix-la-Perche, Glandon, Le Chalard, Ladignac-le-Long, Coussac-Bonneval, La Meyze et La Roche l\u2019Abeille. [\/vc_column_text][\/vc_column][vc_column width=&#8221;1\/4&#8243;][\/vc_column][\/vc_row][vc_row][vc_column][vc_empty_space alter_height=&#8221;large&#8221;&hellip;<\/p>\n","protected":false},"author":1,"featured_media":0,"parent":0,"menu_order":0,"comment_status":"closed","ping_status":"closed","template":"","meta":{"footnotes":""},"class_list":["post-1039","page","type-page","status-publish","hentry"],"_links":{"self":[{"href":"https:\/\/www.aga-styrieix.fr\/index.php\/wp-json\/wp\/v2\/pages\/1039","targetHints":{"allow":["GET"]}}],"collection":[{"href":"https:\/\/www.aga-styrieix.fr\/index.php\/wp-json\/wp\/v2\/pages"}],"about":[{"href":"https:\/\/www.aga-styrieix.fr\/index.php\/wp-json\/wp\/v2\/types\/page"}],"author":[{"embeddable":true,"href":"https:\/\/www.aga-styrieix.fr\/index.php\/wp-json\/wp\/v2\/users\/1"}],"replies":[{"embeddable":true,"href":"https:\/\/www.aga-styrieix.fr\/index.php\/wp-json\/wp\/v2\/comments?post=1039"}],"version-history":[{"count":28,"href":"https:\/\/www.aga-styrieix.fr\/index.php\/wp-json\/wp\/v2\/pages\/1039\/revisions"}],"predecessor-version":[{"id":1264,"href":"https:\/\/www.aga-styrieix.fr\/index.php\/wp-json\/wp\/v2\/pages\/1039\/revisions\/1264"}],"wp:attachment":[{"href":"https:\/\/www.aga-styrieix.fr\/index.php\/wp-json\/wp\/v2\/media?parent=1039"}],"curies":[{"name":"wp","href":"https:\/\/api.w.org\/{rel}","templated":true}]}}

<section class="wpb-content-wrapper"><p>[vc_row][vc_column]<div id="sc_title_1773999740"
		class="sc_title color_style_default sc_title_default"><h3 class="sc_item_title sc_title_title sc_align_center sc_item_title_style_default">Nos Missions</h3></div><!-- /.sc_title -->[/vc_column][/vc_row][vc_row][vc_column][vc_empty_space alter_height=&#8221;large&#8221; hide_on_mobile=&#8221;&#8221;][/vc_column][/vc_row][vc_row][vc_column width=&#8221;1/4&#8243;][/vc_column][vc_column width=&#8221;1/2&#8243;][vc_column_text]</p>
<p style="text-align: left;">L’Action Gérontologique Arédienne est une association loi 1901 à but non lucratif qui a été créée en 1982.<br />
Elle a pour mission de faciliter le maintien à domicile des personnes âgées de plus de 60 ans sur les communes de Saint-Yrieix-la-Perche, Glandon, Le Chalard, Ladignac-le-Long, Coussac-Bonneval, La Meyze et La Roche l’Abeille.</p>
<p>[/vc_column_text][/vc_column][vc_column width=&#8221;1/4&#8243;][/vc_column][/vc_row][vc_row][vc_column][vc_empty_space alter_height=&#8221;large&#8221; hide_on_mobile=&#8221;&#8221;][/vc_column][/vc_row][vc_row][vc_column]<div id="sc_services_1246465902" class="sc_services color_style_default sc_services_default sc_services_featured_top  vc_custom_1697028346207"><div class="sc_services_columns sc_item_columns sc_item_columns_2 trx_addons_columns_wrap columns_padding_bottom"><div class="trx_addons_column-1_2"><div class="sc_services_item with_content with_icon sc_services_item_featured_top">
	<a href="https://www.aga-styrieix.fr/index.php/services/repas/"
			 id="sc_services_1246465902_icon-8"
			 class="sc_services_item_icon icon-8"
			 ></a>	
	<div class="sc_services_item_info">
		<div class="sc_services_item_header">
			<h4 class="sc_services_item_title"><a href="https://www.aga-styrieix.fr/index.php/services/repas/">Service de repas à domicile</a></h4>
			<div class="sc_services_item_subtitle"><a href="https://www.aga-styrieix.fr/index.php/services_group/main-services/" title="View all posts in Main Services">Main Services</a></div>
		</div>
					<div class="sc_services_item_content"><p>Le service de portage de repas livre à domicile des repas équilibrés et adaptés aux régimes de chacun</p>
</div>
			<div class="sc_services_item_button sc_item_button"><a href="https://www.aga-styrieix.fr/index.php/services/repas/" class="sc_button sc_button_simple">Learn more</a></div>
			</div>
</div>
</div><div class="trx_addons_column-1_2"><div class="sc_services_item with_content with_icon sc_services_item_featured_top">
	<a href="https://www.aga-styrieix.fr/index.php/services/esa/"
			 id="sc_services_1246465902_icon-users"
			 class="sc_services_item_icon icon-users"
			 ></a>	
	<div class="sc_services_item_info">
		<div class="sc_services_item_header">
			<h4 class="sc_services_item_title"><a href="https://www.aga-styrieix.fr/index.php/services/esa/">Equipe spécialisée Alzheimer</a></h4>
			<div class="sc_services_item_subtitle"><a href="https://www.aga-styrieix.fr/index.php/services_group/main-services/" title="View all posts in Main Services">Main Services</a></div>
		</div>
					<div class="sc_services_item_content"><p>L&#8217;équipe spécialisée Alzheimer</p>
</div>
			<div class="sc_services_item_button sc_item_button"><a href="https://www.aga-styrieix.fr/index.php/services/esa/" class="sc_button sc_button_simple">Learn more</a></div>
			</div>
</div>
</div><div class="trx_addons_column-1_2"><div class="sc_services_item with_content with_icon sc_services_item_featured_top">
	<a href="https://www.aga-styrieix.fr/index.php/services/mandataire/"
			 id="sc_services_1246465902_icon-female"
			 class="sc_services_item_icon icon-female"
			 ></a>	
	<div class="sc_services_item_info">
		<div class="sc_services_item_header">
			<h4 class="sc_services_item_title"><a href="https://www.aga-styrieix.fr/index.php/services/mandataire/">Service mandataire</a></h4>
			<div class="sc_services_item_subtitle"><a href="https://www.aga-styrieix.fr/index.php/services_group/main-services/" title="View all posts in Main Services">Main Services</a></div>
		</div>
					<div class="sc_services_item_content"><p>Le service mandataire d&#8217;employés de maison</p>
</div>
			<div class="sc_services_item_button sc_item_button"><a href="https://www.aga-styrieix.fr/index.php/services/mandataire/" class="sc_button sc_button_simple">Learn more</a></div>
			</div>
</div>
</div><div class="trx_addons_column-1_2"><div class="sc_services_item with_content with_icon sc_services_item_featured_top">
	<a href="https://www.aga-styrieix.fr/index.php/services/autonomie/"
			 id="sc_services_1246465902_icon-user-add"
			 class="sc_services_item_icon icon-user-add"
			 ></a>	
	<div class="sc_services_item_info">
		<div class="sc_services_item_header">
			<h4 class="sc_services_item_title"><a href="https://www.aga-styrieix.fr/index.php/services/autonomie/">Service autonomie mixte</a></h4>
			<div class="sc_services_item_subtitle"><a href="https://www.aga-styrieix.fr/index.php/services_group/main-services/" title="View all posts in Main Services">Main Services</a></div>
		</div>
					<div class="sc_services_item_content"><p>Aide et soins à domicile</p>
</div>
			<div class="sc_services_item_button sc_item_button"><a href="https://www.aga-styrieix.fr/index.php/services/autonomie/" class="sc_button sc_button_simple">Learn more</a></div>
			</div>
</div>
</div></div></div><!-- /.sc_services -->[/vc_column][/vc_row][vc_row][vc_column][vc_empty_space alter_height=&#8221;large&#8221; hide_on_mobile=&#8221;&#8221;][/vc_column][/vc_row][vc_row full_width=&#8221;stretch_row&#8221; equal_height=&#8221;yes&#8221; content_placement=&#8221;middle&#8221; scheme=&#8221;dark&#8221; css=&#8221;.vc_custom_1696598825067{background-color: #37b4aa !important;}&#8221;][vc_column width=&#8221;1/2&#8243;][vc_empty_space alter_height=&#8221;medium&#8221; hide_on_mobile=&#8221;&#8221;][vc_column_text css=&#8221;.vc_custom_1696600713780{padding-left: 30% !important;}&#8221;]</p>
<h3><span style="color: #ffffff;">Contactez-nous !</span></h3>
<p>[/vc_column_text][vc_empty_space alter_height=&#8221;medium&#8221; hide_on_mobile=&#8221;&#8221;][/vc_column][vc_column width=&#8221;1/2&#8243;][vc_empty_space alter_height=&#8221;medium&#8221; hide_on_mobile=&#8221;&#8221;]<div class="sc_item_button sc_button_wrap sc_align_center"><a href="/index.php/contact/" id="sc_button_1284970970" class="sc_button color_style_default sc_button_bordered sc_button_size_normal sc_button_icon_left"><span class="sc_button_text"><span class="sc_button_title">CONTACT</span></span><!-- /.sc_button_text --></a><!-- /.sc_button --></div><!-- /.sc_item_button -->[vc_empty_space alter_height=&#8221;medium&#8221; hide_on_mobile=&#8221;&#8221;][/vc_column][/vc_row][vc_row][vc_column][vc_column_text]</p>
<p>&nbsp;</p>
<p>&nbsp;</p>
<p>[/vc_column_text][/vc_column][/vc_row][vc_row][vc_column][vc_empty_space alter_height=&#8221;large&#8221; hide_on_mobile=&#8221;&#8221;][/vc_column][/vc_row]</p>
</section>

<p>[vc_row][vc_column][/vc_column][/vc_row][vc_row][vc_column][vc_empty_space alter_height=&#8221;large&#8221; hide_on_mobile=&#8221;&#8221;][/vc_column][/vc_row][vc_row][vc_column width=&#8221;1/4&#8243;][/vc_column][vc_column width=&#8221;1/2&#8243;][vc_column_text] L’Action Gérontologique Arédienne est une association loi 1901 à but non lucratif qui a été créée en 1982. Elle a pour mission de faciliter le maintien à domicile des personnes âgées de plus de 60 ans sur les communes de Saint-Yrieix-la-Perche, Glandon, Le Chalard, Ladignac-le-Long, Coussac-Bonneval, La Meyze et La Roche l’Abeille. [/vc_column_text][/vc_column][vc_column width=&#8221;1/4&#8243;][/vc_column][/vc_row][vc_row][vc_column][vc_empty_space alter_height=&#8221;large&#8221;&hellip;</p>
