{"id":666,"date":"2020-08-14T05:17:12","date_gmt":"2020-08-14T05:17:12","guid":{"rendered":"https:\/\/www.aga-styrieix.fr\/msb\/?page_id=666"},"modified":"2026-01-26T09:47:37","modified_gmt":"2026-01-26T08:47:37","slug":"actus","status":"publish","type":"page","link":"https:\/\/www.aga-styrieix.fr\/index.php\/actus\/","title":{"rendered":"Actualit\u00e9s"},"content":{"rendered":"<section class=\"wpb-content-wrapper\"><p>[vc_row][vc_column width=&#8221;1\/6&#8243; icons_position=&#8221;left&#8221;][\/vc_column][vc_column width=&#8221;2\/3&#8243; css=&#8221;.vc_custom_1701352769692{padding-top: 10px !important;padding-right: 10px !important;padding-bottom: 10px !important;padding-left: 10px !important;background-color: #f5efec !important;}&#8221;][vc_column_text css=&#8221;.vc_custom_1769417155232{padding-top: 20px !important;padding-right: 10px !important;padding-left: 10px !important;}&#8221;]<\/p>\n<h2 style=\"text-align: center; color: #3f87b9;\">Pr\u00e9sentation du SAD mixte, aide et soins de l&#8217;Action G\u00e9rontologique Ar\u00e9dienne<\/h2>\n<p>Depuis le 01 Janvier 2026, deux services de l\u2019Action G\u00e9rontologique se sont regroup\u00e9s pour cr\u00e9er le Service Autonomie \u00e0 Domicile, (SAD) aide et soins. Il correspond \u00e0 la r\u00e9union d\u2019activit\u00e9s de soins, d\u2019aide et d\u2019accompagnement, dans une m\u00eame entit\u00e9.<br \/>\nCe regroupement permet d\u2019am\u00e9liorer la coordination au profit D\u2019un parcours optimis\u00e9 pour la personne aid\u00e9e. Les plans d\u2019aide et les diff\u00e9rents relais sont assur\u00e9s par le m\u00eame r\u00e9f\u00e9rent.<br \/>\nPar cons\u00e9quent, les interventions visant \u00e0 \u00e9laborer le projet individuel d\u2019aide, d\u2019accompagnement et de soins permettent une prise en charge plus adapt\u00e9e \u00e0 la globalit\u00e9 des besoins de la personne. La prise en charge est plus rapide et efficace, dans un souci constant de proximit\u00e9.<br \/>\nLes intervenants au domicile se connaissent : ils assurent ainsi des transmissions crois\u00e9es d\u2019autant plus lorsqu\u2019une personne passe d\u2019un dispositif \u00e0 un autre ou b\u00e9n\u00e9ficie des services conjointement.<\/p>\n<p><span style=\"color: #3f87b9;\"><strong>Isabelle DUPERRIER<\/strong><\/span>[\/vc_column_text][vc_empty_space hide_on_mobile=&#8221;&#8221;][vc_row_inner][vc_column_inner width=&#8221;1\/3&#8243;][vc_empty_space hide_on_mobile=&#8221;&#8221;][\/vc_column_inner][vc_column_inner width=&#8221;1\/3&#8243;][vc_empty_space hide_on_mobile=&#8221;&#8221;][\/vc_column_inner][vc_column_inner width=&#8221;1\/3&#8243;][vc_empty_space hide_on_mobile=&#8221;&#8221;][\/vc_column_inner][\/vc_row_inner][\/vc_column][vc_column width=&#8221;1\/6&#8243;][\/vc_column][\/vc_row][vc_section][vc_row][vc_column][vc_empty_space alter_height=&#8221;medium&#8221; hide_on_mobile=&#8221;&#8221;][\/vc_column][\/vc_row][\/vc_section][vc_row][vc_column width=&#8221;1\/6&#8243; icons_position=&#8221;left&#8221;][\/vc_column][vc_column width=&#8221;2\/3&#8243; css=&#8221;.vc_custom_1769417224434{padding-top: 10px !important;padding-right: 10px !important;padding-bottom: 10px !important;padding-left: 10px !important;}&#8221;][vc_column_text css=&#8221;.vc_custom_1732109370995{padding-top: 20px !important;padding-right: 10px !important;padding-left: 10px !important;}&#8221;]<\/p>\n<h2 style=\"text-align: center; color: #3f87b9;\">Caf\u00e9 rencontre entre aidants &#8211; Liber Vitae<\/h2>\n<p>Le prochain caf\u00e9 rencontre de l&#8217;association Liber Vitae aura lieu mercredi 27 novembre de 15h \u00e0 16h30 \u00e0 Saint Yrieix la Perche.<\/p>\n<p><span style=\"color: #3f87b9;\"><strong>Isabelle DUPERRIER<\/strong><\/span>[\/vc_column_text][vc_empty_space hide_on_mobile=&#8221;&#8221;][vc_row_inner][vc_column_inner width=&#8221;1\/3&#8243;][vc_empty_space hide_on_mobile=&#8221;&#8221;][\/vc_column_inner][vc_column_inner width=&#8221;1\/3&#8243;][vc_single_image image=&#8221;1349&#8243; add_caption=&#8221;yes&#8221; alignment=&#8221;center&#8221; style=&#8221;vc_box_rounded&#8221; onclick=&#8221;img_link_large&#8221; css_animation=&#8221;flipInX&#8221;][vc_empty_space hide_on_mobile=&#8221;&#8221;][\/vc_column_inner][vc_column_inner width=&#8221;1\/3&#8243;][vc_empty_space hide_on_mobile=&#8221;&#8221;][\/vc_column_inner][\/vc_row_inner][\/vc_column][vc_column width=&#8221;1\/6&#8243;][\/vc_column][\/vc_row][vc_section][vc_row][vc_column][vc_empty_space alter_height=&#8221;medium&#8221; hide_on_mobile=&#8221;&#8221;][\/vc_column][\/vc_row][\/vc_section][vc_section][vc_row][vc_column width=&#8221;1\/6&#8243; icons_position=&#8221;left&#8221;][\/vc_column][vc_column width=&#8221;2\/3&#8243; css=&#8221;.vc_custom_1732109402862{padding-top: 10px !important;padding-right: 10px !important;padding-bottom: 10px !important;padding-left: 10px !important;}&#8221;][vc_column_text css=&#8221;.vc_custom_1732109624354{padding-top: 20px !important;padding-right: 10px !important;padding-left: 10px !important;}&#8221;]<\/p>\n<h2 style=\"text-align: center; color: #3f87b9;\">Prochaines activit\u00e9s Liber Vitae<\/h2>\n<p>Consultez l\u2019agenda Septembre Octobre.<\/p>\n<p><span style=\"color: #3f87b9;\"><strong>Isabelle DUPERRIER<\/strong><\/span>[\/vc_column_text][vc_empty_space hide_on_mobile=&#8221;&#8221;][vc_row_inner][vc_column_inner width=&#8221;1\/3&#8243;][vc_empty_space hide_on_mobile=&#8221;&#8221;][\/vc_column_inner][vc_column_inner width=&#8221;1\/3&#8243;][vc_single_image image=&#8221;1338&#8243; add_caption=&#8221;yes&#8221; alignment=&#8221;center&#8221; style=&#8221;vc_box_rounded&#8221; onclick=&#8221;img_link_large&#8221; css_animation=&#8221;flipInX&#8221;][vc_empty_space hide_on_mobile=&#8221;&#8221;][\/vc_column_inner][vc_column_inner width=&#8221;1\/3&#8243;][vc_empty_space hide_on_mobile=&#8221;&#8221;][\/vc_column_inner][\/vc_row_inner][\/vc_column][vc_column width=&#8221;1\/6&#8243;][\/vc_column][\/vc_row][vc_row][vc_column][vc_empty_space alter_height=&#8221;medium&#8221; hide_on_mobile=&#8221;&#8221;][\/vc_column][\/vc_row][\/vc_section][vc_row][vc_column width=&#8221;1\/6&#8243; icons_position=&#8221;left&#8221;][\/vc_column][vc_column width=&#8221;2\/3&#8243; css=&#8221;.vc_custom_1732109402862{padding-top: 10px !important;padding-right: 10px !important;padding-bottom: 10px !important;padding-left: 10px !important;}&#8221;][vc_column_text css=&#8221;.vc_custom_1721039532847{padding-top: 20px !important;padding-right: 10px !important;padding-left: 10px !important;}&#8221;]<\/p>\n<h2 style=\"text-align: center; color: #3f87b9;\">La balade des gens heureux<\/h2>\n<p>Une matin\u00e9e conviviale et musicale pour tous, organis\u00e9e par l\u2019association Liber Vitae.<\/p>\n<p>Nous vous souhaitons une bonne balade !<\/p>\n<p><span style=\"color: #3f87b9;\"><strong>Isabelle DUPERRIER<\/strong><\/span>[\/vc_column_text][vc_empty_space hide_on_mobile=&#8221;&#8221;][vc_row_inner][vc_column_inner width=&#8221;1\/3&#8243;][vc_empty_space hide_on_mobile=&#8221;&#8221;][\/vc_column_inner][vc_column_inner width=&#8221;1\/3&#8243;][vc_single_image image=&#8221;1333&#8243; add_caption=&#8221;yes&#8221; alignment=&#8221;center&#8221; style=&#8221;vc_box_rounded&#8221; onclick=&#8221;img_link_large&#8221; css_animation=&#8221;flipInX&#8221;][vc_empty_space hide_on_mobile=&#8221;&#8221;][\/vc_column_inner][vc_column_inner width=&#8221;1\/3&#8243;][vc_empty_space hide_on_mobile=&#8221;&#8221;][\/vc_column_inner][\/vc_row_inner][\/vc_column][vc_column width=&#8221;1\/6&#8243;][\/vc_column][\/vc_row][vc_section][vc_row][vc_column][vc_empty_space alter_height=&#8221;medium&#8221; hide_on_mobile=&#8221;&#8221;][\/vc_column][\/vc_row][\/vc_section][vc_row][vc_column width=&#8221;1\/6&#8243; icons_position=&#8221;left&#8221;][\/vc_column][vc_column width=&#8221;2\/3&#8243; css=&#8221;.vc_custom_1721039631693{padding-top: 10px !important;padding-right: 10px !important;padding-bottom: 10px !important;padding-left: 10px !important;}&#8221;][vc_column_text css=&#8221;.vc_custom_1720025232162{padding-top: 20px !important;padding-right: 10px !important;padding-left: 10px !important;}&#8221;]<\/p>\n<h2 style=\"text-align: center; color: #3f87b9;\">Nouvelles de l&#8217;association Liber Vitae<\/h2>\n<p>Vous trouverez dans &#8220;Vita News N\u00b02&#8221; les nouvelles de l&#8217;association Liber Vitae.<\/p>\n<p>Nous vous souhaitons une bonne lecture !<\/p>\n<p><span style=\"color: #3f87b9;\"><strong>Isabelle DUPERRIER<\/strong><\/span>[\/vc_column_text][vc_empty_space hide_on_mobile=&#8221;&#8221;][vc_row_inner][vc_column_inner width=&#8221;1\/3&#8243;][vc_empty_space hide_on_mobile=&#8221;&#8221;][\/vc_column_inner][vc_column_inner width=&#8221;1\/3&#8243;][vc_single_image image=&#8221;1328&#8243; add_caption=&#8221;yes&#8221; alignment=&#8221;center&#8221; style=&#8221;vc_box_rounded&#8221; onclick=&#8221;img_link_large&#8221; css_animation=&#8221;flipInX&#8221;][vc_empty_space hide_on_mobile=&#8221;&#8221;][\/vc_column_inner][vc_column_inner width=&#8221;1\/3&#8243;][vc_single_image image=&#8221;1327&#8243; add_caption=&#8221;yes&#8221; alignment=&#8221;center&#8221; style=&#8221;vc_box_rounded&#8221; onclick=&#8221;img_link_large&#8221; css_animation=&#8221;flipInX&#8221;][vc_empty_space hide_on_mobile=&#8221;&#8221;][\/vc_column_inner][\/vc_row_inner][\/vc_column][vc_column width=&#8221;1\/6&#8243;][\/vc_column][\/vc_row][vc_section][vc_row][vc_column][vc_empty_space alter_height=&#8221;medium&#8221; hide_on_mobile=&#8221;&#8221;][\/vc_column][\/vc_row][\/vc_section][vc_row][vc_column width=&#8221;1\/6&#8243; icons_position=&#8221;left&#8221;][\/vc_column][vc_column width=&#8221;2\/3&#8243; css=&#8221;.vc_custom_1720025096588{padding-top: 10px !important;padding-right: 10px !important;padding-bottom: 10px !important;padding-left: 10px !important;}&#8221;][vc_column_text css=&#8221;.vc_custom_1716368589620{padding-top: 20px !important;padding-right: 10px !important;padding-left: 10px !important;}&#8221;]<\/p>\n<h2 style=\"text-align: center; color: #3f87b9;\">Apr\u00e8s-midi jeux de soci\u00e9t\u00e9<\/h2>\n<p>L&#8217;association LIBER VITAE organise une apr\u00e8s-midi jeux de soci\u00e9t\u00e9 \u00e0 St Yrieix le mercredi 29 mai.<\/p>\n<p>L&#8217;association propose \u00e9galement d&#8217;aller chercher les personnes \u00e0 domicile quand cela est n\u00e9cessaire.<\/p>\n<p>Pour plus de renseignements, vous pouvez joindre la Pr\u00e9sidente de LIBER VITAE<\/p>\n<p>au 06 88 15 32 25<\/p>\n<p>ou par mail :\u00a0 libervitae.asso@gmail.com<\/p>\n<p><span style=\"color: #3f87b9;\"><strong>Isabelle DUPERRIER<\/strong><\/span>[\/vc_column_text][vc_empty_space hide_on_mobile=&#8221;&#8221;][vc_row_inner][vc_column_inner width=&#8221;1\/3&#8243;][vc_empty_space hide_on_mobile=&#8221;&#8221;][\/vc_column_inner][vc_column_inner width=&#8221;1\/3&#8243;][vc_single_image image=&#8221;1321&#8243; add_caption=&#8221;yes&#8221; alignment=&#8221;center&#8221; style=&#8221;vc_box_rounded&#8221; onclick=&#8221;img_link_large&#8221; css_animation=&#8221;flipInX&#8221;][vc_empty_space hide_on_mobile=&#8221;&#8221;][\/vc_column_inner][vc_column_inner width=&#8221;1\/3&#8243;][vc_empty_space hide_on_mobile=&#8221;&#8221;][\/vc_column_inner][\/vc_row_inner][\/vc_column][vc_column width=&#8221;1\/6&#8243;][\/vc_column][\/vc_row][vc_section][vc_row][vc_column][vc_empty_space alter_height=&#8221;medium&#8221; hide_on_mobile=&#8221;&#8221;][\/vc_column][\/vc_row][\/vc_section][vc_row][vc_column width=&#8221;1\/6&#8243; icons_position=&#8221;left&#8221;][\/vc_column][vc_column width=&#8221;2\/3&#8243; css=&#8221;.vc_custom_1716368484239{padding-top: 10px !important;padding-right: 10px !important;padding-bottom: 10px !important;padding-left: 10px !important;}&#8221;][vc_column_text css=&#8221;.vc_custom_1712757008875{padding-top: 20px !important;padding-right: 10px !important;padding-left: 10px !important;}&#8221;]<\/p>\n<h2 style=\"text-align: center; color: #3f87b9;\">Assembl\u00e9e G\u00e9n\u00e9rale<\/h2>\n<p>L&#8217;assembl\u00e9e g\u00e9n\u00e9rale de l&#8217;AGA aura lieu le 17 Avril 2024 \u00e0 10h dans la salle N\u00b0 3 de l&#8217;Espace Ferraud.<\/p>\n<p><span style=\"color: #3f87b9;\"><strong>Isabelle DUPERRIER<\/strong><\/span><\/p>\n<p>[\/vc_column_text][\/vc_column][vc_column width=&#8221;1\/6&#8243;][\/vc_column][\/vc_row][vc_section][vc_row][vc_column][vc_empty_space alter_height=&#8221;medium&#8221; hide_on_mobile=&#8221;&#8221;][\/vc_column][\/vc_row][\/vc_section][vc_row][vc_column width=&#8221;1\/6&#8243; icons_position=&#8221;left&#8221;][\/vc_column][vc_column width=&#8221;2\/3&#8243; css=&#8221;.vc_custom_1716368493723{padding-top: 10px !important;padding-right: 10px !important;padding-bottom: 10px !important;padding-left: 10px !important;}&#8221;][vc_column_text css=&#8221;.vc_custom_1712756647166{padding-top: 20px !important;padding-right: 10px !important;padding-left: 10px !important;}&#8221;]<\/p>\n<h2 style=\"text-align: center; color: #3f87b9;\">Ateliers Tricot<\/h2>\n<div dir=\"auto\">Vous trouverez ci-dessous les prochaines dates des ateliers tricot de l&#8217;Association LIBER VITAE.<\/div>\n<div dir=\"auto\">Pour rappel, le covoiturage est assur\u00e9 au d\u00e9part de St Yrieix.<\/div>\n<div dir=\"auto\"><\/div>\n<p>Pour plus de renseignements, vous pouvez joindre la Pr\u00e9sidente de LIBER VITAE<\/p>\n<p>au 06 88 15 32 25<\/p>\n<p>ou par mail :\u00a0 libervitae.asso@gmail.com<\/p>\n<p><span style=\"color: #3f87b9;\"><strong>Isabelle DUPERRIER<\/strong><\/span>[\/vc_column_text][vc_empty_space hide_on_mobile=&#8221;&#8221;][vc_row_inner][vc_column_inner width=&#8221;1\/3&#8243;][vc_empty_space hide_on_mobile=&#8221;&#8221;][\/vc_column_inner][vc_column_inner width=&#8221;1\/3&#8243;][vc_single_image image=&#8221;1305&#8243; add_caption=&#8221;yes&#8221; alignment=&#8221;center&#8221; style=&#8221;vc_box_rounded&#8221; onclick=&#8221;img_link_large&#8221; css_animation=&#8221;flipInX&#8221;][vc_empty_space hide_on_mobile=&#8221;&#8221;][\/vc_column_inner][vc_column_inner width=&#8221;1\/3&#8243;][vc_empty_space hide_on_mobile=&#8221;&#8221;][\/vc_column_inner][\/vc_row_inner][\/vc_column][vc_column width=&#8221;1\/6&#8243;][\/vc_column][\/vc_row][vc_section][vc_row][vc_column][vc_empty_space alter_height=&#8221;medium&#8221; hide_on_mobile=&#8221;&#8221;][\/vc_column][\/vc_row][\/vc_section][vc_row][vc_column width=&#8221;1\/6&#8243; icons_position=&#8221;left&#8221;][\/vc_column][vc_column width=&#8221;2\/3&#8243; css=&#8221;.vc_custom_1712756392909{padding-top: 10px !important;padding-right: 10px !important;padding-bottom: 10px !important;padding-left: 10px !important;}&#8221;][vc_column_text css=&#8221;.vc_custom_1707403988434{padding-top: 20px !important;padding-right: 10px !important;padding-left: 10px !important;}&#8221;]<\/p>\n<h2 style=\"text-align: center; color: #3f87b9;\">Convention de partenariat<\/h2>\n<p>L&#8217;AGA a sign\u00e9 une convention de partenariat avec l&#8217;Association LIBER VITAE et s&#8217;associe dans ce partenariat aux ateliers et aux projets que porte l&#8217;Association comme celui de l&#8217;habitat inclusif.<\/p>\n<p>Pour plus de renseignements, vous pouvez joindre la Pr\u00e9sidente de LIBER VITAE au 06 88 15 32 25 ou par mail :\u00a0 libervitae.asso@gmail.com<\/p>\n<p><span style=\"color: #3f87b9;\"><strong>Isabelle DUPERRIER<\/strong><\/span>[\/vc_column_text][vc_empty_space hide_on_mobile=&#8221;&#8221;][vc_row_inner][vc_column_inner width=&#8221;1\/2&#8243;][vc_single_image image=&#8221;1302&#8243; add_caption=&#8221;yes&#8221; alignment=&#8221;right&#8221; style=&#8221;vc_box_rounded&#8221; onclick=&#8221;custom_link&#8221; css_animation=&#8221;flipInX&#8221; link=&#8221;https:\/\/www.facebook.com\/story.php?story_fbid=379958711442751&amp;id=100082858743887&#8243;][vc_empty_space hide_on_mobile=&#8221;&#8221;][\/vc_column_inner][vc_column_inner width=&#8221;1\/2&#8243;][vc_single_image image=&#8221;1301&#8243; add_caption=&#8221;yes&#8221; style=&#8221;vc_box_rounded&#8221; onclick=&#8221;custom_link&#8221; css_animation=&#8221;flipInX&#8221; link=&#8221;https:\/\/www.facebook.com\/story.php?story_fbid=pfbid0bdxibFr6XdbEiwkWCoCVbRYyaGhGjgobviJuNKTn53JtGBxkdSzSDSgVxjHLNyd4l&amp;id=102709672232444&amp;sfnsn=scwspwa&amp;paipv=0&amp;eav=AfbliUKFeZCUPNQw7EcoMFtdt2nPLUfltmNkbGx_E2dd4tjC8CdGWipecA6oQtwLIgQ&amp;_rdr&#8221;][vc_empty_space hide_on_mobile=&#8221;&#8221;][\/vc_column_inner][\/vc_row_inner][vc_empty_space hide_on_mobile=&#8221;&#8221;][vc_row_inner][vc_column_inner width=&#8221;1\/3&#8243;][vc_single_image image=&#8221;1290&#8243; add_caption=&#8221;yes&#8221; alignment=&#8221;right&#8221; style=&#8221;vc_box_rounded&#8221; onclick=&#8221;img_link_large&#8221; css_animation=&#8221;flipInX&#8221;][vc_empty_space hide_on_mobile=&#8221;&#8221;][\/vc_column_inner][vc_column_inner width=&#8221;1\/3&#8243;][vc_single_image image=&#8221;1284&#8243; add_caption=&#8221;yes&#8221; alignment=&#8221;center&#8221; style=&#8221;vc_box_rounded&#8221; onclick=&#8221;img_link_large&#8221; css_animation=&#8221;flipInX&#8221;][vc_empty_space hide_on_mobile=&#8221;&#8221;][\/vc_column_inner][vc_column_inner width=&#8221;1\/3&#8243;][vc_single_image image=&#8221;1285&#8243; add_caption=&#8221;yes&#8221; style=&#8221;vc_box_rounded&#8221; onclick=&#8221;img_link_large&#8221; css_animation=&#8221;flipInX&#8221;][vc_empty_space hide_on_mobile=&#8221;&#8221;][\/vc_column_inner][\/vc_row_inner][\/vc_column][vc_column width=&#8221;1\/6&#8243;][\/vc_column][\/vc_row][vc_section][vc_row][vc_column][vc_empty_space alter_height=&#8221;medium&#8221; hide_on_mobile=&#8221;&#8221;][\/vc_column][\/vc_row][\/vc_section][vc_row][vc_column width=&#8221;1\/6&#8243;][vc_column_text][\/vc_column_text][\/vc_column][vc_column width=&#8221;2\/3&#8243;][vc_column_text css=&#8221;.vc_custom_1707403964336{padding-top: 20px !important;padding-right: 10px !important;padding-left: 10px !important;}&#8221;]<\/p>\n<h2 style=\"text-align: center; color: #3f87b9;\">Atelier CHANT<\/h2>\n<p style=\"text-align: justify; font-size: 1.5em; line-height: 1.5em;\">L\u2019Action G\u00e9rontologique Ar\u00e9dienne a obtenu de la part du conseil d\u00e9partemental et de la Conf\u00e9rence des financeurs, suite \u00e0 un appel \u00e0 projet, un financement pour un atelier chant \u00ab\u00a0SI ON CHANTAIT\u00a0\u00bb.<br \/>\nCet atelier anim\u00e9 par une aide-soignante ASG de l\u2019AGA, S\u00e9verine et une animatrice d\u2019une association de Ch\u00e2teau Chervix, Nathalie, a lieu le premier et troisi\u00e8me jeudi de chaque mois \u00e0 Saint Yrieix cette ann\u00e9e.<br \/>\nLes adh\u00e9rents de l\u2019AGA sont motiv\u00e9s et enjou\u00e9s par le projet qui permet de rompre l\u2019isolement et qui, au vu de son succ\u00e8s, nous pousse \u00e0 continuer l\u2019ann\u00e9e prochaine avec de nouveaux objectifs.<\/p>\n<p><span style=\"color: #3f87b9;\"><strong>Isabelle DUPERRIER<\/strong><\/span>[\/vc_column_text][vc_row_inner][vc_column_inner width=&#8221;1\/5&#8243;][\/vc_column_inner][vc_column_inner width=&#8221;2\/5&#8243;][vc_single_image image=&#8221;1247&#8243; alignment=&#8221;center&#8221; style=&#8221;vc_box_rounded&#8221; onclick=&#8221;custom_link&#8221; img_link_target=&#8221;_blank&#8221; css_animation=&#8221;flipInX&#8221; link=&#8221;http:\/\/www.aga-styrieix.fr\/wp-content\/uploads\/SKM_4050231115102700.pdf&#8221;][vc_column_text]<\/p>\n<p style=\"text-align: center;\"><a href=\"http:\/\/www.aga-styrieix.fr\/wp-content\/uploads\/SKM_4050231115102700.pdf\">Lire l&#8217;article &#8220;Une derni\u00e8re enjou\u00e9e&#8221;<\/a><\/p>\n<p>[\/vc_column_text][\/vc_column_inner][vc_column_inner width=&#8221;2\/5&#8243;][vc_column_text]<\/p>\n<p style=\"text-align: center;\"><span style=\"color: #1d1d1d;\"><i>A venir : <\/i><\/span>l&#8217;article &#8220;Les copains d&#8217;abord&#8230;&#8221;<\/p>\n<p>[\/vc_column_text][\/vc_column_inner][\/vc_row_inner][\/vc_column][vc_column width=&#8221;1\/6&#8243;][\/vc_column][\/vc_row][vc_row][vc_column][vc_empty_space alter_height=&#8221;medium&#8221; hide_on_mobile=&#8221;&#8221;][\/vc_column][\/vc_row]<\/p>\n<\/section>","protected":false},"excerpt":{"rendered":"<p>[vc_row][vc_column width=&#8221;1\/6&#8243; icons_position=&#8221;left&#8221;][\/vc_column][vc_column width=&#8221;2\/3&#8243; css=&#8221;.vc_custom_1701352769692{padding-top: 10px !important;padding-right: 10px !important;padding-bottom: 10px !important;padding-left: 10px !important;background-color: #f5efec !important;}&#8221;][vc_column_text css=&#8221;.vc_custom_1769417155232{padding-top: 20px !important;padding-right: 10px !important;padding-left: 10px !important;}&#8221;] Pr\u00e9sentation du SAD mixte, aide et soins de l&#8217;Action G\u00e9rontologique Ar\u00e9dienne Depuis le 01 Janvier 2026, deux services de l\u2019Action G\u00e9rontologique se sont regroup\u00e9s pour cr\u00e9er le Service Autonomie \u00e0 Domicile, (SAD) aide et soins. Il correspond \u00e0&hellip;<\/p>\n","protected":false},"author":1,"featured_media":0,"parent":0,"menu_order":0,"comment_status":"closed","ping_status":"closed","template":"","meta":{"footnotes":""},"class_list":["post-666","page","type-page","status-publish","hentry"],"_links":{"self":[{"href":"https:\/\/www.aga-styrieix.fr\/index.php\/wp-json\/wp\/v2\/pages\/666","targetHints":{"allow":["GET"]}}],"collection":[{"href":"https:\/\/www.aga-styrieix.fr\/index.php\/wp-json\/wp\/v2\/pages"}],"about":[{"href":"https:\/\/www.aga-styrieix.fr\/index.php\/wp-json\/wp\/v2\/types\/page"}],"author":[{"embeddable":true,"href":"https:\/\/www.aga-styrieix.fr\/index.php\/wp-json\/wp\/v2\/users\/1"}],"replies":[{"embeddable":true,"href":"https:\/\/www.aga-styrieix.fr\/index.php\/wp-json\/wp\/v2\/comments?post=666"}],"version-history":[{"count":32,"href":"https:\/\/www.aga-styrieix.fr\/index.php\/wp-json\/wp\/v2\/pages\/666\/revisions"}],"predecessor-version":[{"id":1392,"href":"https:\/\/www.aga-styrieix.fr\/index.php\/wp-json\/wp\/v2\/pages\/666\/revisions\/1392"}],"wp:attachment":[{"href":"https:\/\/www.aga-styrieix.fr\/index.php\/wp-json\/wp\/v2\/media?parent=666"}],"curies":[{"name":"wp","href":"https:\/\/api.w.org\/{rel}","templated":true}]}}